{"id":46,"date":"2019-02-07T06:46:58","date_gmt":"2019-02-07T06:46:58","guid":{"rendered":"http:\/\/fewo-carolla.de\/?page_id=46"},"modified":"2025-06-02T19:53:48","modified_gmt":"2025-06-02T19:53:48","slug":"bilder","status":"publish","type":"page","link":"http:\/\/fewo-carolla.de\/?page_id=46","title":{"rendered":"Bilder\/ Ausstattung"},"content":{"rendered":"\t\t<div data-elementor-type=\"wp-post\" data-elementor-id=\"46\" class=\"elementor elementor-46\">\n\t\t\t\t\t\t<section class=\"elementor-section elementor-top-section elementor-element elementor-element-e26e8c5 elementor-section-boxed elementor-section-height-default elementor-section-height-default\" data-id=\"e26e8c5\" data-element_type=\"section\" data-e-type=\"section\">\n\t\t\t\t\t\t<div class=\"elementor-container elementor-column-gap-default\">\n\t\t\t\t\t<div class=\"elementor-column elementor-col-100 elementor-top-column elementor-element elementor-element-659ca12\" data-id=\"659ca12\" data-element_type=\"column\" data-e-type=\"column\">\n\t\t\t<div class=\"elementor-widget-wrap elementor-element-populated\">\n\t\t\t\t\t\t<div class=\"elementor-element elementor-element-99d7abe elementor-widget__width-initial elementor-widget elementor-widget-html\" data-id=\"99d7abe\" data-element_type=\"widget\" data-e-type=\"widget\" data-settings=\"{&quot;_animation&quot;:&quot;none&quot;}\" data-widget_type=\"html.default\">\n\t\t\t\t<div class=\"elementor-widget-container\">\n\t\t\t\t\t<div class=\"rl-gallery-container splide rl-loading\" id=\"rl-gallery-container-1\" data-gallery_id=\"49\"> <div class=\"rl-gallery rl-basicslider-gallery splide__track \" id=\"rl-gallery-1\" data-gallery_no=\"1\"> <ul class=\"splide__list\"> <li class=\"rl-gallery-item splide__slide\" data-thumb=\"http:\/\/fewo-carolla.de\/wp-content\/uploads\/2019\/02\/DSC_0004-2000x1200.jpg\"> <a href=\"http:\/\/fewo-carolla.de\/wp-content\/uploads\/2019\/02\/DSC_0004.jpg\" title=\"\" data-rl_title=\"\" class=\"rl-gallery-link\" data-rl_caption=\"\" data-rel=\"norl\"><img fetchpriority=\"high\" decoding=\"async\" src=\"http:\/\/fewo-carolla.de\/wp-content\/uploads\/2019\/02\/DSC_0004-2000x1200.jpg\" width=\"2000\" height=\"1200\" alt=\"\" \/><span class=\"rl-gallery-caption\"><span class=\"rl-gallery-item-caption\">Esszimmer und Wohnbereich<\/span><\/span><\/a> <\/li> <li class=\"rl-gallery-item splide__slide\" data-thumb=\"http:\/\/fewo-carolla.de\/wp-content\/uploads\/2019\/02\/DSC_0005-2000x1200.jpg\"> <a href=\"http:\/\/fewo-carolla.de\/wp-content\/uploads\/2019\/02\/DSC_0005.jpg\" title=\"\" data-rl_title=\"\" class=\"rl-gallery-link\" data-rl_caption=\"\" data-rel=\"norl\"><img decoding=\"async\" src=\"http:\/\/fewo-carolla.de\/wp-content\/uploads\/2019\/02\/DSC_0005-2000x1200.jpg\" width=\"2000\" height=\"1200\" alt=\"\" \/><span class=\"rl-gallery-caption\"><span class=\"rl-gallery-item-caption\">K\u00fcche<\/span><\/span><\/a> <\/li> <li class=\"rl-gallery-item splide__slide\" data-thumb=\"http:\/\/fewo-carolla.de\/wp-content\/uploads\/2019\/02\/DSC_0006-2000x1200.jpg\"> <a href=\"http:\/\/fewo-carolla.de\/wp-content\/uploads\/2019\/02\/DSC_0006.jpg\" title=\"\" data-rl_title=\"\" class=\"rl-gallery-link\" data-rl_caption=\"\" data-rel=\"norl\"><img decoding=\"async\" src=\"http:\/\/fewo-carolla.de\/wp-content\/uploads\/2019\/02\/DSC_0006-2000x1200.jpg\" width=\"2000\" height=\"1200\" alt=\"\" \/><span class=\"rl-gallery-caption\"><span class=\"rl-gallery-item-caption\">Wohnbereich, Esszimmer &amp; K\u00fcche<\/span><\/span><\/a> <\/li> <li class=\"rl-gallery-item splide__slide\" data-thumb=\"http:\/\/fewo-carolla.de\/wp-content\/uploads\/2019\/02\/DSC_0007-2000x1200.jpg\"> <a href=\"http:\/\/fewo-carolla.de\/wp-content\/uploads\/2019\/02\/DSC_0007.jpg\" title=\"\" data-rl_title=\"\" class=\"rl-gallery-link\" data-rl_caption=\"\" data-rel=\"norl\"><img loading=\"lazy\" decoding=\"async\" src=\"http:\/\/fewo-carolla.de\/wp-content\/uploads\/2019\/02\/DSC_0007-2000x1200.jpg\" width=\"2000\" height=\"1200\" alt=\"\" \/><span class=\"rl-gallery-caption\"><span class=\"rl-gallery-item-caption\">Wohnbereich &amp; Esszimmer<\/span><\/span><\/a> <\/li> <li class=\"rl-gallery-item splide__slide\" data-thumb=\"http:\/\/fewo-carolla.de\/wp-content\/uploads\/2019\/02\/DSC_0008-2000x1200.jpg\"> <a href=\"http:\/\/fewo-carolla.de\/wp-content\/uploads\/2019\/02\/DSC_0008.jpg\" title=\"\" data-rl_title=\"\" class=\"rl-gallery-link\" data-rl_caption=\"\" data-rel=\"norl\"><img loading=\"lazy\" decoding=\"async\" src=\"http:\/\/fewo-carolla.de\/wp-content\/uploads\/2019\/02\/DSC_0008-2000x1200.jpg\" width=\"2000\" height=\"1200\" alt=\"\" \/><span class=\"rl-gallery-caption\"><span class=\"rl-gallery-item-caption\">Bad<\/span><\/span><\/a> <\/li> <li class=\"rl-gallery-item splide__slide\" data-thumb=\"http:\/\/fewo-carolla.de\/wp-content\/uploads\/2019\/02\/DSC_0010-2000x1200.jpg\"> <a href=\"http:\/\/fewo-carolla.de\/wp-content\/uploads\/2019\/02\/DSC_0010.jpg\" title=\"\" data-rl_title=\"\" class=\"rl-gallery-link\" data-rl_caption=\"\" data-rel=\"norl\"><img loading=\"lazy\" decoding=\"async\" src=\"http:\/\/fewo-carolla.de\/wp-content\/uploads\/2019\/02\/DSC_0010-2000x1200.jpg\" width=\"2000\" height=\"1200\" alt=\"\" \/><span class=\"rl-gallery-caption\"><span class=\"rl-gallery-item-caption\">Bad<\/span><\/span><\/a> <\/li> <li class=\"rl-gallery-item splide__slide\" data-thumb=\"http:\/\/fewo-carolla.de\/wp-content\/uploads\/2019\/02\/DSC_0001-2000x1200.jpg\"> <a href=\"http:\/\/fewo-carolla.de\/wp-content\/uploads\/2019\/02\/DSC_0001.jpg\" title=\"\" data-rl_title=\"\" class=\"rl-gallery-link\" data-rl_caption=\"\" data-rel=\"norl\"><img loading=\"lazy\" decoding=\"async\" src=\"http:\/\/fewo-carolla.de\/wp-content\/uploads\/2019\/02\/DSC_0001-2000x1200.jpg\" width=\"2000\" height=\"1200\" alt=\"\" \/><span class=\"rl-gallery-caption\"><span class=\"rl-gallery-item-caption\">Schlafzimmer<\/span><\/span><\/a> <\/li> <li class=\"rl-gallery-item splide__slide\" data-thumb=\"http:\/\/fewo-carolla.de\/wp-content\/uploads\/2019\/02\/DSC_0002-2000x1200.jpg\"> <a href=\"http:\/\/fewo-carolla.de\/wp-content\/uploads\/2019\/02\/DSC_0002.jpg\" title=\"\" data-rl_title=\"\" class=\"rl-gallery-link\" data-rl_caption=\"\" data-rel=\"norl\"><img loading=\"lazy\" decoding=\"async\" src=\"http:\/\/fewo-carolla.de\/wp-content\/uploads\/2019\/02\/DSC_0002-2000x1200.jpg\" width=\"2000\" height=\"1200\" alt=\"\" \/><span class=\"rl-gallery-caption\"><span class=\"rl-gallery-item-caption\">Schlafzimmer<\/span><\/span><\/a> <\/li> <li class=\"rl-gallery-item splide__slide\" data-thumb=\"http:\/\/fewo-carolla.de\/wp-content\/uploads\/2019\/02\/DSC_0003-2000x1200.jpg\"> <a href=\"http:\/\/fewo-carolla.de\/wp-content\/uploads\/2019\/02\/DSC_0003.jpg\" title=\"\" data-rl_title=\"\" class=\"rl-gallery-link\" data-rl_caption=\"\" data-rel=\"norl\"><img loading=\"lazy\" decoding=\"async\" src=\"http:\/\/fewo-carolla.de\/wp-content\/uploads\/2019\/02\/DSC_0003-2000x1200.jpg\" width=\"2000\" height=\"1200\" alt=\"\" \/><span class=\"rl-gallery-caption\"><span class=\"rl-gallery-item-caption\">K\u00fcche &amp; Esszimmer<\/span><\/span><\/a> <\/li> <li class=\"rl-gallery-item splide__slide\" data-thumb=\"http:\/\/fewo-carolla.de\/wp-content\/uploads\/2019\/02\/IMG_20200902_130952-2000x1200.jpg\"> <a href=\"http:\/\/fewo-carolla.de\/wp-content\/uploads\/2019\/02\/IMG_20200902_130952-scaled.jpg\" title=\"\" data-rl_title=\"\" class=\"rl-gallery-link\" data-rl_caption=\"\" data-rel=\"norl\"><img loading=\"lazy\" decoding=\"async\" src=\"http:\/\/fewo-carolla.de\/wp-content\/uploads\/2019\/02\/IMG_20200902_130952-2000x1200.jpg\" width=\"2000\" height=\"1200\" alt=\"\" \/><\/a> <\/li> <li class=\"rl-gallery-item splide__slide\" data-thumb=\"http:\/\/fewo-carolla.de\/wp-content\/uploads\/2019\/02\/IMG_20200902_130942-1-2000x1200.jpg\"> <a href=\"http:\/\/fewo-carolla.de\/wp-content\/uploads\/2019\/02\/IMG_20200902_130942-1-scaled.jpg\" title=\"\" data-rl_title=\"\" class=\"rl-gallery-link\" data-rl_caption=\"\" data-rel=\"norl\"><img loading=\"lazy\" decoding=\"async\" src=\"http:\/\/fewo-carolla.de\/wp-content\/uploads\/2019\/02\/IMG_20200902_130942-1-2000x1200.jpg\" width=\"2000\" height=\"1200\" alt=\"\" \/><\/a> <\/li> <li class=\"rl-gallery-item splide__slide\" data-thumb=\"http:\/\/fewo-carolla.de\/wp-content\/uploads\/2019\/02\/IMG_20200902_131016-2000x1200.jpg\"> <a href=\"http:\/\/fewo-carolla.de\/wp-content\/uploads\/2019\/02\/IMG_20200902_131016-scaled.jpg\" title=\"\" data-rl_title=\"\" class=\"rl-gallery-link\" data-rl_caption=\"\" data-rel=\"norl\"><img loading=\"lazy\" decoding=\"async\" src=\"http:\/\/fewo-carolla.de\/wp-content\/uploads\/2019\/02\/IMG_20200902_131016-2000x1200.jpg\" width=\"2000\" height=\"1200\" alt=\"\" \/><\/a> <\/li> <\/ul> <\/div> <\/div>\t\t\t\t<\/div>\n\t\t\t\t<\/div>\n\t\t\t\t\t<\/div>\n\t\t<\/div>\n\t\t\t\t\t<\/div>\n\t\t<\/section>\n\t\t\t\t<section class=\"elementor-section elementor-top-section elementor-element elementor-element-1e39df0 elementor-section-boxed elementor-section-height-default elementor-section-height-default\" data-id=\"1e39df0\" data-element_type=\"section\" data-e-type=\"section\">\n\t\t\t\t\t\t<div class=\"elementor-container elementor-column-gap-default\">\n\t\t\t\t\t<div class=\"elementor-column elementor-col-100 elementor-top-column elementor-element elementor-element-541d025\" data-id=\"541d025\" data-element_type=\"column\" data-e-type=\"column\">\n\t\t\t<div class=\"elementor-widget-wrap elementor-element-populated\">\n\t\t\t\t\t\t<div class=\"elementor-element elementor-element-f193dd7 elementor-widget elementor-widget-text-editor\" data-id=\"f193dd7\" data-element_type=\"widget\" data-e-type=\"widget\" data-widget_type=\"text-editor.default\">\n\t\t\t\t<div class=\"elementor-widget-container\">\n\t\t\t\t\t\t\t\t\t<p>Unsere Ferienwohnung befindet sich im Orsteil Bietingen in einem Neubaugebiet, am Waldrand. Ein separater Eingang f\u00fchrt zu unserer 39qm gro\u00dfen Souterrainwohnung.\u00a0<\/p><p>Die Wohnung besitzt ein separates Schlafzimmer mit einem Doppelbett und gro\u00dfz\u00fcgigem Kleiderschrank.<span style=\"font-size: 1rem;\">\u00a0<\/span><\/p><p><span style=\"font-size: 1rem;\">Im Badezimmer finden Sie eine Dusche, WC, Waschbecken, F\u00f6n sowie eine Waschmaschine und einen Trockner.\u00a0 \u00a0 \u00a0 \u00a0 \u00a0 \u00a0 \u00a0 \u00a0 \u00a0 \u00a0 \u00a0 \u00a0 \u00a0 \u00a0 \u00a0 \u00a0 \u00a0 \u00a0 \u00a0 \u00a0 \u00a0 \u00a0 \u00a0 \u00a0 \u00a0 \u00a0 \u00a0<\/span><\/p><p><span style=\"font-size: 1rem;\">Das Herzst\u00fcck der Ferienwohnung besteht aus dem Wohn- Essbereich. Hier k\u00f6nnen Sie es sich\u00a0 abends auf der Couch bequem machen. Ein Fernseher, WLAN sowie eine Playstation und DVD Player sind vorhanden.\u00a0 In unserer voll ausgestatteten K\u00fcche<\/span><span style=\"font-size: 1rem;\"> mit Essgruppe, d\u00fcrfen Sie ihren Kochk\u00fcnsten freien Lauf lassen. Eine Pad-Kaffeemaschine, ein Wasserkocher, ein Toaster, Sp\u00fclmaschine, ein K\u00fchlschrank mit Gefrierschrank, Cerankochfeld, Backofen und s\u00e4mtliche Utensilien sind vorhanden.<\/span><\/p><p><span style=\"font-size: 1rem;\">Parkm\u00f6glichkeiten gibt es vor dem Haus.<\/span><\/p>\t\t\t\t\t\t\t\t<\/div>\n\t\t\t\t<\/div>\n\t\t\t\t\t<\/div>\n\t\t<\/div>\n\t\t\t\t\t<\/div>\n\t\t<\/section>\n\t\t\t\t<\/div>\n\t\t","protected":false},"excerpt":{"rendered":"<p>Unsere Ferienwohnung befindet sich im Orsteil Bietingen in einem Neubaugebiet, am Waldrand. Ein separater Eingang f\u00fchrt zu unserer 39qm gro\u00dfen Souterrainwohnung.\u00a0 Die Wohnung besitzt ein separates Schlafzimmer mit einem Doppelbett und gro\u00dfz\u00fcgigem Kleiderschrank.\u00a0 Im Badezimmer finden Sie eine Dusche, WC, Waschbecken, F\u00f6n sowie eine Waschmaschine und einen Trockner.\u00a0 \u00a0 \u00a0 \u00a0 \u00a0 \u00a0 \u00a0 \u00a0 &hellip; <\/p>\n<p class=\"link-more\"><a href=\"http:\/\/fewo-carolla.de\/?page_id=46\" class=\"more-link\"><span class=\"screen-reader-text\">\u201eBilder\/ Ausstattung\u201c <\/span>weiterlesen<\/a><\/p>\n","protected":false},"author":1,"featured_media":0,"parent":0,"menu_order":0,"comment_status":"closed","ping_status":"closed","template":"elementor_header_footer","meta":{"footnotes":""},"class_list":["post-46","page","type-page","status-publish","hentry"],"_links":{"self":[{"href":"http:\/\/fewo-carolla.de\/index.php?rest_route=\/wp\/v2\/pages\/46","targetHints":{"allow":["GET"]}}],"collection":[{"href":"http:\/\/fewo-carolla.de\/index.php?rest_route=\/wp\/v2\/pages"}],"about":[{"href":"http:\/\/fewo-carolla.de\/index.php?rest_route=\/wp\/v2\/types\/page"}],"author":[{"embeddable":true,"href":"http:\/\/fewo-carolla.de\/index.php?rest_route=\/wp\/v2\/users\/1"}],"replies":[{"embeddable":true,"href":"http:\/\/fewo-carolla.de\/index.php?rest_route=%2Fwp%2Fv2%2Fcomments&post=46"}],"version-history":[{"count":43,"href":"http:\/\/fewo-carolla.de\/index.php?rest_route=\/wp\/v2\/pages\/46\/revisions"}],"predecessor-version":[{"id":291,"href":"http:\/\/fewo-carolla.de\/index.php?rest_route=\/wp\/v2\/pages\/46\/revisions\/291"}],"wp:attachment":[{"href":"http:\/\/fewo-carolla.de\/index.php?rest_route=%2Fwp%2Fv2%2Fmedia&parent=46"}],"curies":[{"name":"wp","href":"https:\/\/api.w.org\/{rel}","templated":true}]}}

<div data-elementor-type="wp-post" data-elementor-id="46" class="elementor elementor-46">
						<section class="elementor-section elementor-top-section elementor-element elementor-element-e26e8c5 elementor-section-boxed elementor-section-height-default elementor-section-height-default" data-id="e26e8c5" data-element_type="section" data-e-type="section">
						<div class="elementor-container elementor-column-gap-default">
					<div class="elementor-column elementor-col-100 elementor-top-column elementor-element elementor-element-659ca12" data-id="659ca12" data-element_type="column" data-e-type="column">
			<div class="elementor-widget-wrap elementor-element-populated">
						<div class="elementor-element elementor-element-99d7abe elementor-widget__width-initial elementor-widget elementor-widget-html" data-id="99d7abe" data-element_type="widget" data-e-type="widget" data-settings="{&quot;_animation&quot;:&quot;none&quot;}" data-widget_type="html.default">
				<div class="elementor-widget-container">
					<div class="rl-gallery-container splide rl-loading" id="rl-gallery-container-1" data-gallery_id="49"> <div class="rl-gallery rl-basicslider-gallery splide__track " id="rl-gallery-1" data-gallery_no="1"> <ul class="splide__list"> <li class="rl-gallery-item splide__slide" data-thumb="http://fewo-carolla.de/wp-content/uploads/2019/02/DSC_0004-2000x1200.jpg"> <a href="http://fewo-carolla.de/wp-content/uploads/2019/02/DSC_0004.jpg" title="" data-rl_title="" class="rl-gallery-link" data-rl_caption="" data-rel="norl"><img fetchpriority="high" decoding="async" src="http://fewo-carolla.de/wp-content/uploads/2019/02/DSC_0004-2000x1200.jpg" width="2000" height="1200" alt="" /><span class="rl-gallery-caption"><span class="rl-gallery-item-caption">Esszimmer und Wohnbereich</span></span></a> </li> <li class="rl-gallery-item splide__slide" data-thumb="http://fewo-carolla.de/wp-content/uploads/2019/02/DSC_0005-2000x1200.jpg"> <a href="http://fewo-carolla.de/wp-content/uploads/2019/02/DSC_0005.jpg" title="" data-rl_title="" class="rl-gallery-link" data-rl_caption="" data-rel="norl"><img decoding="async" src="http://fewo-carolla.de/wp-content/uploads/2019/02/DSC_0005-2000x1200.jpg" width="2000" height="1200" alt="" /><span class="rl-gallery-caption"><span class="rl-gallery-item-caption">Küche</span></span></a> </li> <li class="rl-gallery-item splide__slide" data-thumb="http://fewo-carolla.de/wp-content/uploads/2019/02/DSC_0006-2000x1200.jpg"> <a href="http://fewo-carolla.de/wp-content/uploads/2019/02/DSC_0006.jpg" title="" data-rl_title="" class="rl-gallery-link" data-rl_caption="" data-rel="norl"><img decoding="async" src="http://fewo-carolla.de/wp-content/uploads/2019/02/DSC_0006-2000x1200.jpg" width="2000" height="1200" alt="" /><span class="rl-gallery-caption"><span class="rl-gallery-item-caption">Wohnbereich, Esszimmer &amp; Küche</span></span></a> </li> <li class="rl-gallery-item splide__slide" data-thumb="http://fewo-carolla.de/wp-content/uploads/2019/02/DSC_0007-2000x1200.jpg"> <a href="http://fewo-carolla.de/wp-content/uploads/2019/02/DSC_0007.jpg" title="" data-rl_title="" class="rl-gallery-link" data-rl_caption="" data-rel="norl"><img loading="lazy" decoding="async" src="http://fewo-carolla.de/wp-content/uploads/2019/02/DSC_0007-2000x1200.jpg" width="2000" height="1200" alt="" /><span class="rl-gallery-caption"><span class="rl-gallery-item-caption">Wohnbereich &amp; Esszimmer</span></span></a> </li> <li class="rl-gallery-item splide__slide" data-thumb="http://fewo-carolla.de/wp-content/uploads/2019/02/DSC_0008-2000x1200.jpg"> <a href="http://fewo-carolla.de/wp-content/uploads/2019/02/DSC_0008.jpg" title="" data-rl_title="" class="rl-gallery-link" data-rl_caption="" data-rel="norl"><img loading="lazy" decoding="async" src="http://fewo-carolla.de/wp-content/uploads/2019/02/DSC_0008-2000x1200.jpg" width="2000" height="1200" alt="" /><span class="rl-gallery-caption"><span class="rl-gallery-item-caption">Bad</span></span></a> </li> <li class="rl-gallery-item splide__slide" data-thumb="http://fewo-carolla.de/wp-content/uploads/2019/02/DSC_0010-2000x1200.jpg"> <a href="http://fewo-carolla.de/wp-content/uploads/2019/02/DSC_0010.jpg" title="" data-rl_title="" class="rl-gallery-link" data-rl_caption="" data-rel="norl"><img loading="lazy" decoding="async" src="http://fewo-carolla.de/wp-content/uploads/2019/02/DSC_0010-2000x1200.jpg" width="2000" height="1200" alt="" /><span class="rl-gallery-caption"><span class="rl-gallery-item-caption">Bad</span></span></a> </li> <li class="rl-gallery-item splide__slide" data-thumb="http://fewo-carolla.de/wp-content/uploads/2019/02/DSC_0001-2000x1200.jpg"> <a href="http://fewo-carolla.de/wp-content/uploads/2019/02/DSC_0001.jpg" title="" data-rl_title="" class="rl-gallery-link" data-rl_caption="" data-rel="norl"><img loading="lazy" decoding="async" src="http://fewo-carolla.de/wp-content/uploads/2019/02/DSC_0001-2000x1200.jpg" width="2000" height="1200" alt="" /><span class="rl-gallery-caption"><span class="rl-gallery-item-caption">Schlafzimmer</span></span></a> </li> <li class="rl-gallery-item splide__slide" data-thumb="http://fewo-carolla.de/wp-content/uploads/2019/02/DSC_0002-2000x1200.jpg"> <a href="http://fewo-carolla.de/wp-content/uploads/2019/02/DSC_0002.jpg" title="" data-rl_title="" class="rl-gallery-link" data-rl_caption="" data-rel="norl"><img loading="lazy" decoding="async" src="http://fewo-carolla.de/wp-content/uploads/2019/02/DSC_0002-2000x1200.jpg" width="2000" height="1200" alt="" /><span class="rl-gallery-caption"><span class="rl-gallery-item-caption">Schlafzimmer</span></span></a> </li> <li class="rl-gallery-item splide__slide" data-thumb="http://fewo-carolla.de/wp-content/uploads/2019/02/DSC_0003-2000x1200.jpg"> <a href="http://fewo-carolla.de/wp-content/uploads/2019/02/DSC_0003.jpg" title="" data-rl_title="" class="rl-gallery-link" data-rl_caption="" data-rel="norl"><img loading="lazy" decoding="async" src="http://fewo-carolla.de/wp-content/uploads/2019/02/DSC_0003-2000x1200.jpg" width="2000" height="1200" alt="" /><span class="rl-gallery-caption"><span class="rl-gallery-item-caption">Küche &amp; Esszimmer</span></span></a> </li> <li class="rl-gallery-item splide__slide" data-thumb="http://fewo-carolla.de/wp-content/uploads/2019/02/IMG_20200902_130952-2000x1200.jpg"> <a href="http://fewo-carolla.de/wp-content/uploads/2019/02/IMG_20200902_130952-scaled.jpg" title="" data-rl_title="" class="rl-gallery-link" data-rl_caption="" data-rel="norl"><img loading="lazy" decoding="async" src="http://fewo-carolla.de/wp-content/uploads/2019/02/IMG_20200902_130952-2000x1200.jpg" width="2000" height="1200" alt="" /></a> </li> <li class="rl-gallery-item splide__slide" data-thumb="http://fewo-carolla.de/wp-content/uploads/2019/02/IMG_20200902_130942-1-2000x1200.jpg"> <a href="http://fewo-carolla.de/wp-content/uploads/2019/02/IMG_20200902_130942-1-scaled.jpg" title="" data-rl_title="" class="rl-gallery-link" data-rl_caption="" data-rel="norl"><img loading="lazy" decoding="async" src="http://fewo-carolla.de/wp-content/uploads/2019/02/IMG_20200902_130942-1-2000x1200.jpg" width="2000" height="1200" alt="" /></a> </li> <li class="rl-gallery-item splide__slide" data-thumb="http://fewo-carolla.de/wp-content/uploads/2019/02/IMG_20200902_131016-2000x1200.jpg"> <a href="http://fewo-carolla.de/wp-content/uploads/2019/02/IMG_20200902_131016-scaled.jpg" title="" data-rl_title="" class="rl-gallery-link" data-rl_caption="" data-rel="norl"><img loading="lazy" decoding="async" src="http://fewo-carolla.de/wp-content/uploads/2019/02/IMG_20200902_131016-2000x1200.jpg" width="2000" height="1200" alt="" /></a> </li> </ul> </div> </div>				</div>
				</div>
					</div>
		</div>
					</div>
		</section>
				<section class="elementor-section elementor-top-section elementor-element elementor-element-1e39df0 elementor-section-boxed elementor-section-height-default elementor-section-height-default" data-id="1e39df0" data-element_type="section" data-e-type="section">
						<div class="elementor-container elementor-column-gap-default">
					<div class="elementor-column elementor-col-100 elementor-top-column elementor-element elementor-element-541d025" data-id="541d025" data-element_type="column" data-e-type="column">
			<div class="elementor-widget-wrap elementor-element-populated">
						<div class="elementor-element elementor-element-f193dd7 elementor-widget elementor-widget-text-editor" data-id="f193dd7" data-element_type="widget" data-e-type="widget" data-widget_type="text-editor.default">
				<div class="elementor-widget-container">
									<p>Unsere Ferienwohnung befindet sich im Orsteil Bietingen in einem Neubaugebiet, am Waldrand. Ein separater Eingang führt zu unserer 39qm großen Souterrainwohnung. </p><p>Die Wohnung besitzt ein separates Schlafzimmer mit einem Doppelbett und großzügigem Kleiderschrank.<span style="font-size: 1rem;"> </span></p><p><span style="font-size: 1rem;">Im Badezimmer finden Sie eine Dusche, WC, Waschbecken, Fön sowie eine Waschmaschine und einen Trockner.                                                     </span></p><p><span style="font-size: 1rem;">Das Herzstück der Ferienwohnung besteht aus dem Wohn- Essbereich. Hier können Sie es sich  abends auf der Couch bequem machen. Ein Fernseher, WLAN sowie eine Playstation und DVD Player sind vorhanden.  In unserer voll ausgestatteten Küche</span><span style="font-size: 1rem;"> mit Essgruppe, dürfen Sie ihren Kochkünsten freien Lauf lassen. Eine Pad-Kaffeemaschine, ein Wasserkocher, ein Toaster, Spülmaschine, ein Kühlschrank mit Gefrierschrank, Cerankochfeld, Backofen und sämtliche Utensilien sind vorhanden.</span></p><p><span style="font-size: 1rem;">Parkmöglichkeiten gibt es vor dem Haus.</span></p>								</div>
				</div>
					</div>
		</div>
					</div>
		</section>
				</div>

<p>Unsere Ferienwohnung befindet sich im Orsteil Bietingen in einem Neubaugebiet, am Waldrand. Ein separater Eingang führt zu unserer 39qm großen Souterrainwohnung.  Die Wohnung besitzt ein separates Schlafzimmer mit einem Doppelbett und großzügigem Kleiderschrank.  Im Badezimmer finden Sie eine Dusche, WC, Waschbecken, Fön sowie eine Waschmaschine und einen Trockner.                &hellip; </p>
<p class="link-more"><a href="http://fewo-carolla.de/?page_id=46" class="more-link"><span class="screen-reader-text">„Bilder/ Ausstattung“ </span>weiterlesen</a></p>
